{"id":12,"date":"2016-12-19T08:45:28","date_gmt":"2016-12-19T08:45:28","guid":{"rendered":"http:\/\/demo.themegrill.com\/flash-pro-health\/?page_id=12"},"modified":"2020-03-21T16:41:39","modified_gmt":"2020-03-21T13:41:39","slug":"about-us","status":"publish","type":"page","link":"http:\/\/aysetsarifova.com\/index.php\/about-us\/","title":{"rendered":"Hakk\u0131m\u0131zda"},"content":{"rendered":"<div id=\"pl-12\"  class=\"panel-layout\" ><div id=\"pg-12-0\"  class=\"panel-grid panel-has-style\" ><div data-overlay-opactity=\"1\" class=\"panel-row-style panel-row-style-for-12-0\" ><div id=\"pgc-12-0-0\"  class=\"panel-grid-cell\" ><div id=\"panel-12-0-0-0\" class=\"so-panel widget widget_themegrill_flash_image tg-widget tg-image-widget panel-first-child panel-last-child\" data-index=\"0\" ><div class=\"tg-image-block\">\n\t\t\t<img decoding=\"async\" src=\"https:\/\/demo.themegrill.com\/flash-pro-health\/wp-content\/uploads\/sites\/98\/2016\/12\/building.jpg\" alt=\"\" \/>\n\t\t<\/div>\n<\/div><\/div><div id=\"pgc-12-0-1\"  class=\"panel-grid-cell\" ><div id=\"panel-12-0-1-0\" class=\"so-panel widget widget_themegrill_flash_heading tg-widget section-title-wrapper panel-first-child\" data-index=\"1\" >\t<div class=\"heading heading-left divider-with-icon heading-divider\">\n\t<h3 class=\"section-title\">Dan\u0131\u015fma Merkezimize Ho\u015fgeldiniz<\/h3>\n\t<div class=\"divider\"><i class=\"fa fa-heartbeat\"><\/i><\/div>\n<\/div>\n<\/div><div id=\"panel-12-0-1-1\" class=\"so-panel widget widget_text\" data-index=\"2\" ><div class=\"panel-widget-style panel-widget-style-for-12-0-1-1\" >\t\t\t<div class=\"textwidget\"><p>Rusya\u2019n\u0131n Da\u011f\u0131stan B\u00f6lgesinde (\u015eeyh \u015eamil\u2019in Do\u011fdu\u011fu Yer) \u015eamilsky \u0130l\u00e7esinde d\u00fcnyaya geldi. \u0130lk \u00f6\u011frenimini do\u011fdu\u011fu il\u00e7ede tamamlayan \u015earifova daha sonra Pyategorsk ili T\u0131p okulunu tamamlad\u0131.<\/p>\n\n<p>Daha sonra Moskova Halk Sa\u011fl\u0131\u011f\u0131 Merkezinde Duygu D\u0131\u015f\u0131 Alg\u0131lama \/ Alt\u0131nc\u0131 His (extrasensorical) e\u011fitimini tamamlayarak Bitkilerle Tedavi ve Biyoenerji Uzman\u0131 oldu.\nDr. Ay\u015fet \u015earifova uzun s\u00fcredir T\u00fcrkiye\u2019de Biyoenerji ve Bitkisel Tedavi hizmetlerinde bulunmaktad\u0131r. Bir\u00e7ok bel ve boyun f\u0131t\u0131\u011f\u0131 hastas\u0131na, ciltte olu\u015fan yaralara \u015fifa kayna\u011f\u0131 olmu\u015ftur.<\/p><\/div>\n\t\t<\/div><\/div><div id=\"panel-12-0-1-2\" class=\"so-panel widget widget_themegrill_flash_cta tg-widget call-to-action-section panel-last-child\" data-index=\"3\" ><div class=\"panel-widget-style panel-widget-style-for-12-0-1-2\" ><div class=\"cta-wrapper  center\">\n\t<div class=\"section-title-wrapper\">\n\t\t\t\t\t<h3 class=\"section-title\">2001&#039;DEN BER\u0130 H\u0130ZMET\u0130N\u0130ZDEY\u0130Z<\/h3>\n\t\t\t\t<\/div>\n\t<\/div>\n<\/div><\/div><\/div><\/div><\/div><div id=\"pg-12-1\"  class=\"panel-grid panel-has-style\" ><div data-overlay-opactity=\"1\" class=\"panel-row-style panel-row-style-for-12-1\" ><div id=\"pgc-12-1-0\"  class=\"panel-grid-cell\" ><div id=\"panel-12-1-0-0\" class=\"so-panel widget widget_text panel-first-child panel-last-child\" data-index=\"4\" >\t\t\t<div class=\"textwidget\"><p>Far far away, behind the word mountains, far from the countries Vokalia and Consonantia, there live the blind texts. Separated they live in Bookmarksgrove right there live the blind texts at the coast of the Semantics, a large language ocean.<\/p>\n\n<p>The Big Oxmox advised her not to do so, because there were thousands of bad Commas, wild Question Marks and devious Semikoli, but the Little Blind Text didn\u2019t listen. She packed her seven versalia, put her initial into the belt and made herself on the way. When she reached the first hills of the Italic Mountains, there live the blind texts she had a last view back on the skyline of her hometown Bookmarksgrove, the headline of Alphabet Village and the subline of her own road, the Line Lane. Pityful a rethoric question ran over her cheek, then<\/p><\/div>\n\t\t<\/div><\/div><\/div><\/div><\/div>","protected":false},"excerpt":{"rendered":"<p>Rusya\u2019n\u0131n Da\u011f\u0131stan B\u00f6lgesinde (\u015eeyh \u015eamil\u2019in Do\u011fdu\u011fu Yer) \u015eamilsky \u0130l\u00e7esinde d\u00fcnyaya geldi. \u0130lk \u00f6\u011frenimini do\u011fdu\u011fu il\u00e7ede tamamlayan \u015earifova daha sonra Pyategorsk [&hellip;]<\/p>\n","protected":false},"author":2,"featured_media":0,"parent":0,"menu_order":0,"comment_status":"closed","ping_status":"closed","template":"page-templates\/pagebuilder.php","meta":{"footnotes":""},"class_list":["post-12","page","type-page","status-publish","hentry"],"_links":{"self":[{"href":"http:\/\/aysetsarifova.com\/index.php\/wp-json\/wp\/v2\/pages\/12","targetHints":{"allow":["GET"]}}],"collection":[{"href":"http:\/\/aysetsarifova.com\/index.php\/wp-json\/wp\/v2\/pages"}],"about":[{"href":"http:\/\/aysetsarifova.com\/index.php\/wp-json\/wp\/v2\/types\/page"}],"author":[{"embeddable":true,"href":"http:\/\/aysetsarifova.com\/index.php\/wp-json\/wp\/v2\/users\/2"}],"replies":[{"embeddable":true,"href":"http:\/\/aysetsarifova.com\/index.php\/wp-json\/wp\/v2\/comments?post=12"}],"version-history":[{"count":6,"href":"http:\/\/aysetsarifova.com\/index.php\/wp-json\/wp\/v2\/pages\/12\/revisions"}],"predecessor-version":[{"id":890,"href":"http:\/\/aysetsarifova.com\/index.php\/wp-json\/wp\/v2\/pages\/12\/revisions\/890"}],"wp:attachment":[{"href":"http:\/\/aysetsarifova.com\/index.php\/wp-json\/wp\/v2\/media?parent=12"}],"curies":[{"name":"wp","href":"https:\/\/api.w.org\/{rel}","templated":true}]}}